 highest common factor of z and 88?
11
Suppose -5*d + 0*d = -975. Calculate the highest common divisor of 39 and d.
39
Let m be ((-1)/2)/((-5)/250). Let q = 41 + -21. Suppose 4*f - q = -0*f. What is the greatest common factor of m and f?
5
Let f(u) = -u - 4. Let l be f(-4). Let a = 5 - -31. Let n = l + a. Calculate the greatest common factor of 4 and n.
4
Let c be (0/(-2))/(2/1). Let h(a) = 14 + 12 + 4 - 7*a + 8*a. Let i be h(c). What is the highest common factor of 20 and i?
10
Let y(b) = -2*b + 2. Suppose -2*f - f - 33 = 5*z, 2*f = 3*z + 35. Let w be y(z). What is the highest common divisor of 30 and w?
10
Let f = 20 - 1. Suppose c = f - 4. Calculate the greatest common divisor of 3 and c.
3
Let d(x) = -x**2 + 3*x + 2. Suppose w + 0 = 2*q - 13, -3*q - 4*w - 8 = 0. Let h be 2/q*(-6)/(-1). Let v be d(h). Calculate the highest common factor of 5 and v.
1
Suppose 0 = 7*n - 4*n - 144. What is the highest common divisor of 36 and n?
12
Let l = -44 - -71. Let c = 45 - l. Suppose y + 5 - 14 = 0. Calculate the greatest common divisor of c and y.
9
Let j = 15 + 17. Suppose f - 4*w = j, 3*f - 183 = -2*f - 3*w. Calculate the greatest common divisor of f and 54.
18
Suppose -5*u = -11 + 1. Let n(x) = x**2 - x + 2. Let f be n(u). Calculate the highest common divisor of 28 and f.
4
Let d(j) = 5*j - 3. Let u be d(-5). Let t = 49 + u. Let p(h) = 2*h**2 - 2*h - 1. Let l be p(-1). Calculate the greatest common factor of t and l.
3
Suppose 2*b + 32 = 3*v, 4*b - 11 = -3*v - 3. Let n be (-10)/(-3)*144/60. What is the greatest common divisor of n and v?
8
Let y = 4 + -1. Suppose 4*l - y*l = -v + 168, 0 = -l - 2*v + 168. Calculate the greatest common factor of 24 and l.
24
Let w be (126/12)/((-4)/(-24)). Calculate the highest common divisor of w and 9.
9
Let t = 4 - -10. What is the greatest common divisor of t and 42?
14
Let o = 306 - 114. What is the highest common divisor of 24 and o?
24
Suppose 5*p = 5*i - 110, -3*i = -5*p - 0*p - 62. Suppose -i = -k - 0*k. Calculate the greatest common divisor of k and 12.
12
Let o = -41 - -81. What is the highest common divisor of o and 30?
10
Let t be 93/9 - (-2)/3. Let n = 23 + -12. What is the highest common divisor of t and n?
11
Let s(m) = -m**2 + 11*m + 4. Let h be s(7). What is the greatest common factor of 80 and h?
16
Let p(f) = -17*f**3 + f. Suppose d = 5*d + 4. Let o be p(d). Suppose 2*z = 5 - 1. Calculate the greatest common divisor of o and z.
2
Suppose -28 = -3*q - 10. Let m(v) = v**3 - 4*v**2 - 4*v + 6. Let h be m(q). What is the highest common divisor of h and 36?
18
Let y(a) = 2*a**3 - 13*a**2 - 4*a - 14. Let h be y(7). Suppose 77 = -u + 2*u. Calculate the highest common divisor of u and h.
7
Let n be 0 + -4 + (-7)/(42/(-162)). Let f(t) = 31*t - 2. Let z be f(6). What is the highest common divisor of n and z?
23
Let o be -6*1/2 - -1. Let t be (-2 - -3)/(o/(-4)). Suppose -r + t*b = -2*r + 21, 4*b + 18 = 2*r. Calculate the greatest common factor of r and 10.
5
Let v(j) = -3*j - 5. Let p be v(-9). Let o(n) = -n**3 - 9*n**2 - n + 10. Let z be o(-8). Let f = z - -101. What is the highest common divisor of f and p?
11
Let u = -12 - -15. Calculate the highest common factor of 21 and u.
3
Let v(r) = 5*r - 28. Let p be v(11). Calculate the highest common divisor of 9 and p.
9
Let i be 1*-14*(-2)/4. Suppose i*f - 4*f + 78 = 0. Let t = -13 - f. What is the greatest common divisor of 78 and t?
13
Suppose 2*s + 2*m = 136, 0 = 2*m - m. Calculate the greatest common divisor of 4 and s.
4
Let i(s) = -2*s - 4. Suppose k - 2 = -6. Let j be i(k). Let d = -20 - -32. What is the highest common factor of d and j?
4
Let l(g) = g - 3. Let n be l(6). Suppose n*r - 4 = -19, -5*o = 5*r - 35. Calculate the greatest common divisor of o and 36.
12
Suppose 3*k = -0*k + 21. Let h(t) = -t + 10. Let a be h(k). What is the greatest common divisor of 24 and a?
3
Let x(z) = z**2 + 3*z - 7. Let i be x(-6). Calculate the highest common divisor of 77 and i.
11
Let x = 5 + -14. Let d be 2*1 + (-5 - x). What is the highest common factor of d and 30?
6
Let g = -7 + 6. Let h be ((-24)/(-20))/(g/(-10)). Suppose -f - h = -3*f. What is the greatest common divisor of f and 24?
6
Suppose -5*o + 66 - 6 = 0. Calculate the highest common factor of o and 108.
12
Let b = -18 - -30. Suppose -159 = -4*a + 4*s + 105, -a - 3*s + 82 = 0. Suppose 2*k = 190 - a. What is the greatest common factor of k and b?
12
Let z be (-66)/(-9) - 9/27. Suppose -2*q = -0 - 4. Suppose -210 = q*o - z*o. Calculate the greatest common factor of 14 and o.
14
Let j be 0 - (2 - 1 - 9). Let b be (-175)/30 + 2/(-12). Let i be 1/(-3) + (-122)/b. What is the greatest common factor of j and i?
4
Suppose 5*n - 11 = 2*i + i, 0 = 3*n - 2*i - 7. Let z(q) = 35*q**3 - q. Let l be z(n). Calculate the highest common factor of 51 and l.
17
Suppose 3*f + 11 = -31. Let p = -9 - f. Let d be (-12)/p*(-60)/9. Calculate the highest common divisor of d and 48.
16
Suppose -42 - 6 = -4*h. Suppose -h = -2*f + 6*f, -a + f = -75. What is the greatest common factor of 18 and a?
18
Suppose 10 = -2*h, o + 41 = 3*o - 3*h. Let r = o - -2. Let v(p) = -36*p - 3. Let f be v(-3). Calculate the greatest common factor of f and r.
15
Suppose -2*m - 16 + 38 = 0. Calculate the highest common divisor of m and 121.
11
Suppose 0 = -c + 7*c - 36. Calculate the highest common factor of 9 and c.
3
Let c = -6 + 6. Suppose 2 = v - c*v. Suppose 0*j + 17 = 2*j + x, 2*x = 2*j - 26. Calculate the highest common divisor of j and v.
2
Let r = 111 - 97. Let b(v) = -3*v - 7. Let z be b(-7). Calculate the greatest common factor of z and r.
14
Let b be 18/(-7)*(-448)/24. What is the highest common divisor of 24 and b?
24
Suppose -2*y - 4*x + 194 = 0, -2*y + 199 = -0*y - x. What is the greatest common divisor of 9 and y?
9
Let w be 3 + (-4 + 1 - -68). Let u = -20 + w. Calculate the highest common factor of u and 24.
24
Let o be 9/12 + -1 + 81/4. What is the greatest common divisor of 20 and o?
20
Let k = 154 + -6. Calculate the highest common factor of k and 370.
74
Suppose -15 = -7*j + 41. Calculate the highest common divisor of 2 and j.
2
Let y(t) = 3*t - 3 + 2*t**3 + 11*t**2 - 4*t**2 - t**3. Let q be y(-6). Let d = 32 - q. What is the highest common factor of d and 17?
17
Let z = -17 + 19. What is the greatest common factor of z and 1?
1
Let b(f) = f**3 - 10*f**2 - f + 7. Let w be b(10). Let j(p) = -11*p + 3. Let a be j(w). Calculate the highest common factor of a and 90.
18
Let c(o) = 3*o - 6 + o + o**2 - 11*o**2 + o**3. Let f be c(10). Suppose 4*y = 2*q - 50, 0 = -2*q + q - y + 13. What is the greatest common factor of q and f?
17
Let x be (-6)/(-4)*8/6. Suppose x*m - 8 = m. Let j be 358/m - (-2)/8. Calculate the greatest common divisor of 18 and j.
9
Let j = 8 - 2. Let k(i) = -1 + j*i**2 - i**3 - 7*i + 7 + 0*i**2. Let l be k(4). Calculate the highest common factor of 5 and l.
5
Suppose 3*l = 5*l - 24. What is the highest common factor of 24 and l?
12
Let h(b) = -b + 4. Let m(o) = -o**3 + 9*o**2 - 9*o + 11. Let w be m(8). Let c be h(w). Let t be (9/5)/(c/5). Calculate the highest common divisor of 63 and t.
9
Let f be (-3)/12 + 273/4. Suppose 5*z - 9 - 6 = 4*u, 0 = z - 3*u - 3. Suppose -3*o = 12, z*a - 44 = -5*o - 13. Calculate the greatest common divisor of a and f.
17
Suppose 0 = -m - 2, -m + 5 = 5*o - 4*o. Suppose 4*d - 2*v = -d + 169, 0 = 5*d - 4*v - 163. Calculate the highest common divisor of d and o.
7
Suppose 3*p = 12 + 15. Calculate the greatest common factor of p and 27.
9
Let a be 1*28 + (-1 - 3). What is the highest common factor of 264 and a?
24
Suppose -v = -7 - 22. Let r = v - 15. Suppose 3*j - 2*x = 32, -x + 3 = -j + r. What is the highest common factor of j and 50?
10
Let i(v) = v**2 + 7*v + 3. Let s be i(-7). Suppose -3*k + 10 + 8 = 3*p, p - 2*k + s = 0. Suppose -p*r + 96 = -r. What is the highest common factor of r and 12?
12
Suppose -50 = -2*p + 18. Let m = 4 - 1. Suppose m*v + p = 94. What is the highest common factor of v and 10?
10
Suppose -5*u = 3*o - 310, 3*o - 405 = -o - 5*u. What is the greatest common divisor of o and 38?
19
Let o(f) = f**3 + 17*f**2 + 25. Let v be o(-17). Calculate the highest common factor of 200 and v.
25
Let r(p) = p + 1. Let i be r(0). Let l(s) = 16*s**3 - 2*s**2 + s. Let d be l(i). What is